{"id":72,"date":"2013-09-20T14:38:15","date_gmt":"2013-09-20T14:38:15","guid":{"rendered":"http:\/\/www.agro.uba.ar\/argentinaasia2030\/?page_id=72"},"modified":"2017-03-02T12:00:25","modified_gmt":"2017-03-02T12:00:25","slug":"sede-del-evento","status":"publish","type":"page","link":"https:\/\/delsuralmundoen2030.agro.uba.ar\/?page_id=72","title":{"rendered":"Sede del evento"},"content":{"rendered":"<h2>\u00a0Facultad de Agronom\u00eda &#8211; Universidad de Buenos Aires (FAUBA)<\/h2>\n<p>Sal\u00f3n de Actos del Pabell\u00f3n Central<\/p>\n<p>Av. San Mart\u00edn 4453 &#8211; C1417DSE &#8211; Buenos Aires &#8211; Argentina<\/p>\n<p><iframe loading=\"lazy\" src=\"http:\/\/maps.google.com.ar\/maps?f=q&amp;source=embed&amp;hl=es&amp;geocode=&amp;q=facultad+de+agronomia&amp;sll=-38.341656,-63.28125&amp;sspn=18.383981,56.337891&amp;ie=UTF8&amp;hq=&amp;hnear=Facultad+de+Agronom%C3%ADa&amp;ll=-34.584394,-58.479795&amp;spn=0.033919,0.054932&amp;z=14&amp;iwloc=A&amp;output=embed\" height=\"480\" width=\"640\" frameborder=\"0\" marginwidth=\"0\" marginheight=\"0\" scrolling=\"no\"><\/iframe><\/p>\n<p><small><a style=\"color: #0000ff; text-align: left;\" href=\"http:\/\/maps.google.com.ar\/maps?f=q&amp;source=embed&amp;hl=es&amp;geocode=&amp;q=facultad+de+agronomia&amp;sll=-38.341656,-63.28125&amp;sspn=18.383981,56.337891&amp;ie=UTF8&amp;hq=&amp;hnear=Facultad+de+Agronom%C3%ADa&amp;ll=-34.584394,-58.479795&amp;spn=0.033919,0.054932&amp;z=14&amp;iwloc=A\">Ver mapa m\u00e1s grande<\/a><\/small><\/p>\n","protected":false},"excerpt":{"rendered":"<p>\u00a0Facultad de Agronom\u00eda &#8211; Universidad de Buenos Aires (FAUBA) Sal\u00f3n de Actos del Pabell\u00f3n Central Av. San Mart\u00edn 4453 &#8211; C1417DSE &#8211; Buenos Aires &#8211; Argentina Ver mapa m\u00e1s grande<\/p>\n","protected":false},"author":2,"featured_media":0,"parent":0,"menu_order":4,"comment_status":"closed","ping_status":"open","template":"","meta":{"footnotes":""},"categories":[],"tags":[],"_links":{"self":[{"href":"https:\/\/delsuralmundoen2030.agro.uba.ar\/index.php?rest_route=\/wp\/v2\/pages\/72"}],"collection":[{"href":"https:\/\/delsuralmundoen2030.agro.uba.ar\/index.php?rest_route=\/wp\/v2\/pages"}],"about":[{"href":"https:\/\/delsuralmundoen2030.agro.uba.ar\/index.php?rest_route=\/wp\/v2\/types\/page"}],"author":[{"embeddable":true,"href":"https:\/\/delsuralmundoen2030.agro.uba.ar\/index.php?rest_route=\/wp\/v2\/users\/2"}],"replies":[{"embeddable":true,"href":"https:\/\/delsuralmundoen2030.agro.uba.ar\/index.php?rest_route=%2Fwp%2Fv2%2Fcomments&post=72"}],"version-history":[{"count":4,"href":"https:\/\/delsuralmundoen2030.agro.uba.ar\/index.php?rest_route=\/wp\/v2\/pages\/72\/revisions"}],"predecessor-version":[{"id":77,"href":"https:\/\/delsuralmundoen2030.agro.uba.ar\/index.php?rest_route=\/wp\/v2\/pages\/72\/revisions\/77"}],"wp:attachment":[{"href":"https:\/\/delsuralmundoen2030.agro.uba.ar\/index.php?rest_route=%2Fwp%2Fv2%2Fmedia&parent=72"}],"wp:term":[{"taxonomy":"category","embeddable":true,"href":"https:\/\/delsuralmundoen2030.agro.uba.ar\/index.php?rest_route=%2Fwp%2Fv2%2Fcategories&post=72"},{"taxonomy":"post_tag","embeddable":true,"href":"https:\/\/delsuralmundoen2030.agro.uba.ar\/index.php?rest_route=%2Fwp%2Fv2%2Ftags&post=72"}],"curies":[{"name":"wp","href":"https:\/\/api.w.org\/{rel}","templated":true}]}}