{"id":2941,"date":"2016-02-16T14:30:05","date_gmt":"2016-02-16T14:30:05","guid":{"rendered":"http:\/\/www.agro.uba.ar\/delsuralmundoen2030\/?page_id=2941"},"modified":"2017-03-02T11:59:55","modified_gmt":"2017-03-02T11:59:55","slug":"programa-en-construccion","status":"publish","type":"page","link":"https:\/\/delsuralmundoen2030.agro.uba.ar\/?page_id=2941","title":{"rendered":"Programa"},"content":{"rendered":"<h1><span style=\"color: #000000;\"><strong>12 de abril<\/strong><\/span><\/h1>\n<p>08 00 &#8211; 09 30<\/p>\n<h2><strong><span style=\"color: #db3143;\">Inscripci\u00f3n e Inauguraci\u00f3n Oficial con Autoridades Nacionales y Universitarias<\/span><\/strong><\/h2>\n<ul>\n<li><strong>Rodolfo Golluscio<\/strong> (Decano FAUBA)<\/li>\n<li><strong>Jorge Elustondo<\/strong> (Ministro de Producci\u00f3n, Ciencia y Tecnolog\u00eda de Pcia. de Buenos Aires)<\/li>\n<li><strong>Alejandro Gennari<\/strong> (Director Ejecutivo Unidad para el Cambio Rural)<\/li>\n<\/ul>\n<hr \/>\n<p>09 30 &#8211; 10 00<\/p>\n<h2><strong><span style=\"color: #db3143;\">Argentina en 2030: Pensar en Escala Global y a Largo Plazo<\/span><\/strong><\/h2>\n<ul>\n<li><strong>Fernando Vilella<\/strong><\/li>\n<\/ul>\n<hr \/>\n<p>10 00 &#8211; 11 10<\/p>\n<h2><strong><span style=\"color: #db3143;\">Pol\u00edticas P\u00fablicas Estrat\u00e9gicas\u00a0<\/span><\/strong><\/h2>\n<h3><span style=\"color: #ffcc00;\">Coordinador: Alejandro Mentaberry<\/span><\/h3>\n<ul>\n<li>10 00 &#8211; 10 20 <strong>Alejandro Mentaberry<\/strong> (Jefe Gabinete Cient\u00edfico MINCyT)<\/li>\n<li>10 20 &#8211; 10 40 <strong>N\u00e9stor Roulet<\/strong> (Secretario Agregado Valor &#8211; Ministerio Agroindustria, Naci\u00f3n)<\/li>\n<li>10 40 &#8211; 11 10 <strong>Lucio Castro<\/strong> (Secretario de Transformaci\u00f3n Productiva &#8211; Ministerio de Producci\u00f3n, Naci\u00f3n)<\/li>\n<\/ul>\n<hr \/>\n<p>11 10 &#8211; 11 30<\/p>\n<h2><strong><span style=\"color: #db3143;\">Observatorio CELAC de Bioeconom\u00eda. Nueva Iniciativa de Cooperaci\u00f3n Internacional<\/span><\/strong><\/h2>\n<ul>\n<li><strong>M\u00f3nica Silenzi<\/strong>\u00a0(MINCYT, Coordinadora General, Direcci\u00f3n Nacional de Relaciones Internacionales)<\/li>\n<\/ul>\n<hr \/>\n<p>11 30 &#8211; 12 00 Break<\/p>\n<hr \/>\n<p>12 00 &#8211; 14 00<\/p>\n<h2><strong><span style=\"color: #db3143;\">La Agroindustria su Potencial y Desaf\u00edos<\/span><\/strong><\/h2>\n<h3><span style=\"color: #ffcc00;\">Coordinador: Ricardo Bindi<\/span><\/h3>\n<ul>\n<li>12 00 &#8211; 12 20 <strong>Ricardo Bindi:\u00a0<\/strong>Creando Valor Soft para Potenciar los Resultados Hard<\/li>\n<li>12 20 &#8211; 12 40 <strong>Cristian Feldkamp:\u00a0<\/strong>Carne Vacuna 2030 &#8211; Desaf\u00edos y Oportunidades<\/li>\n<li>12 40 &#8211; 13 10 <strong>Claudio Molina:<\/strong>\u00a0Los Biocombustibles en Argentina, Actualidad y Perspectivas<\/li>\n<li>13 10 &#8211; 13 30 <strong>Patricio Mac Donagh:\u00a0<\/strong>La Evoluci\u00f3n del Sector Forestal de Misiones y Corrientes<\/li>\n<li>13 30 &#8211; 14 00<strong> Adri\u00e1n Rodriguez:<\/strong>\u00a0Potenciales y Desaf\u00edos de la Agroindustria en el Marco de una Bioeconom\u00eda 2030<\/li>\n<\/ul>\n<hr \/>\n<p>14 00 &#8211; 15 30 Almuerzo libre<\/p>\n<hr \/>\n<p>15 30 &#8211; 17 30<\/p>\n<h2><strong><span style=\"color: #db3143;\">China<\/span><\/strong><\/h2>\n<h3><span style=\"color: #ffcc00;\">Coordinador:\u00a0Fernando Vilella<\/span><\/h3>\n<ul>\n<li>15 30 &#8211; 15 50 <strong>Embajador Yang Wanming<\/strong><\/li>\n<li>15 50 &#8211; 16 10 <strong>Mariano Turzi<\/strong> (UTDT)<\/li>\n<li>16 10 &#8211; 16 35 <strong>Jorge Castro:<\/strong>\u00a0La Desaceleraci\u00f3n de la Econom\u00eda China y el Mercado Mundial de Commodities: el caso Argentino<\/li>\n<li>16 35 &#8211; 17 00 <strong>H\u00e9ctor Huergo<\/strong><\/li>\n<li>17 00 &#8211; 17 30 <strong>F\u00e9lix Pe\u00f1a<\/strong><\/li>\n<\/ul>\n<hr \/>\n<p>17 30 &#8211; 18 00 Break<\/p>\n<hr \/>\n<p>18 00 &#8211; 19 25<\/p>\n<h2><span style=\"color: #db3143;\"><strong>Agrofinanzas, Trading y Riesgo<\/strong><\/span><\/h2>\n<h3><span style=\"color: #ffcc00;\">Coordinador: Andr\u00e9s Vilella Weisz<\/span><\/h3>\n<ul>\n<li>18 00 &#8211; 18 20 <strong>Andr\u00e9s Vilella Weisz:<\/strong>\u00a0\u201cEl otro tercio\u201d. Macrofinanzas + Agrofinanzas<\/li>\n<li>18 20 &#8211; 18 45 <strong>Jos\u00e9 Gobbee:<\/strong>\u00a0Seguridad Alimentaria y Nuevos Fondos de Inversi\u00f3n Internacionales en Agro<\/li>\n<li>18 45 &#8211; 19 05 <strong>Alfonso Ruiz Gui\u00f1az\u00fa:<\/strong>\u00a0Cobertura de Precios de Negocios Agr\u00edcolas con Derivados Financieros<\/li>\n<li>19 05 &#8211; 19 25 <strong>Rub\u00e9n Ullua:<\/strong>\u00a0An\u00e1lisis T\u00e9cnico y Perspectivas de Precios de Mercados Agr\u00edcolas<\/li>\n<\/ul>\n<hr \/>\n<h2><span style=\"color: #db3143;\"><strong>Cierre con preguntas<\/strong><\/span><\/h2>\n<p>&nbsp;<\/p>\n<h1><span style=\"color: #000000;\"><strong>13 de abril<\/strong><\/span><\/h1>\n<p>09 15 &#8211; 10 00<\/p>\n<h2><span style=\"color: #db3143;\"><strong>Angola<\/strong><\/span><\/h2>\n<h3><span style=\"color: #ffcc00;\">Coordinadora: Ana Mar\u00eda de\u00a0Giulio<br \/>\n<\/span><\/h3>\n<ul>\n<li>09 15 &#8211; 09 30 <strong>Embajador Herminio Escorcio<\/strong><\/li>\n<li>09 30 &#8211; 10 00 <strong>Antonio Henriques da Silva<\/strong> (Presidente Agencia de Promoci\u00f3n de Inversiones y Exportaciones de Angola. APIEX)<\/li>\n<\/ul>\n<hr \/>\n<p>10 00 &#8211; 11 10<\/p>\n<h2><span style=\"color: #db3143;\"><strong>India<\/strong><\/span><\/h2>\n<h3><span style=\"color: #ffcc00;\">Coordinadora: Graciela Gonz\u00e1lez<\/span><\/h3>\n<ul>\n<li>10 00 &#8211; 10 20 <strong>Josefina Santiago:<\/strong>\u00a0Un Panorama de los Desaf\u00edos y Oportunidades de la India<\/li>\n<li>10 20 &#8211; 10 40 <strong>Carlos Castellani<\/strong> (Apache y Banco Naci\u00f3n)<\/li>\n<li>10 40 &#8211; 11 10 <strong>Javier Preciado Pati\u00f1o:<\/strong>\u00a0\u00bfLa Argentina podr\u00e1 ser el Supermercado del Mundo?<\/li>\n<\/ul>\n<hr \/>\n<p>11 10 &#8211; 11 40 Break<\/p>\n<hr \/>\n<p>11 40 &#8211; 13 10<\/p>\n<h2><span style=\"color: #db3143;\"><strong>Geopol\u00edtica y Empresarios L\u00edderes <\/strong><\/span><\/h2>\n<h3><span style=\"color: #ffcc00;\">Coordinadora: Ruth Ladenheim<\/span><\/h3>\n<ul>\n<li>11 40 &#8211; 12 10 <strong>Olivier Antoine:\u00a0<\/strong>Geopol\u00edtica de la Agricultura y la Alimentaci\u00f3n en el Siglo XXI<\/li>\n<li>12 10 &#8211; 12 30<strong> Jos\u00e9 Luis Tedesco<\/strong> (Directivo AAPRESID)<\/li>\n<li>12 30 &#8211; 12 50 <strong>Federico Bert:<\/strong>\u00a0Visi\u00f3n de los Productores para Capturar las Oportunidades y Enfrentar los Desaf\u00edos Globales del 2030<\/li>\n<li>12 50 &#8211; 13 10 <strong>Catalina Lonac:<\/strong>\u00a0La Industria Azucarera &#8211; Parte de la Soluci\u00f3n<\/li>\n<\/ul>\n<hr \/>\n<p>13 10 &#8211; 14 10<\/p>\n<h2><strong><span style=\"color: #db3143;\">Macro Econom\u00eda y Financiamiento<\/span><\/strong><\/h2>\n<h3><span style=\"color: #ffcc00;\">Coordinador: Andr\u00e9s Vilella Weisz<\/span><\/h3>\n<ul>\n<li>13 10 &#8211; 13 30 <strong>Esteban Otto Thomasz:<\/strong> Inestabilidades Externas y Vicios Internos: Desaf\u00edos y Oportunidades para la Macroeconom\u00eda y el Sector Agroindustrial en Argentina<\/li>\n<li>13 30 &#8211; 13 50 <strong>Marcelo Mc Grech:<\/strong>\u00a0El Financiamiento como Herramienta para el Crecimiento. Situaci\u00f3n Actual<\/li>\n<li>13 50 &#8211; 14 10<strong> Gustavo Neffa:<\/strong>\u00a0\u00bfFin del Superciclo de Commodities?<\/li>\n<\/ul>\n<hr \/>\n<p>14 10 &#8211; 16 00 Almuerzo libre<\/p>\n<hr \/>\n<p>16 00 &#8211; 17 40<\/p>\n<h2><span style=\"color: #db3143;\"><strong>\u00c1frica Subsahariana<\/strong><\/span><\/h2>\n<h3><span style=\"color: #ffcc00;\">Coordinadora: Raquel Sastre<\/span><\/h3>\n<ul>\n<li>16 00 &#8211; 16 20 <strong>Javier Diaz Bay:<\/strong>\u00a0Una Visi\u00f3n Sur-Sur para una Mayor Integraci\u00f3n Am\u00e9rica Latina y \u00c1frica<\/li>\n<li>16 20 &#8211; 16 40 <strong>Gonzalo Ortiz de Z\u00e1rate:<\/strong> Situaci\u00f3n General de \u00c1frica y Relaci\u00f3n con la Argentina<\/li>\n<li>16 40 &#8211; 17 00 <strong>Juan Rusinek:<\/strong>\u00a0Una Empresa Argentina en \u00c1frica. El Caso de Green Agro Ltd.<\/li>\n<li>17 00 &#8211; 17 20 <strong>Pablo Lasalandra:\u00a0<\/strong>\u00c1frica Subsahariana: Comprendiendo las Oportunidades y Desaf\u00edos desde una Mirada Sociocultural y de Pr\u00e1ctica de Terreno<\/li>\n<li>17 20 &#8211; 17 40 <strong>Jorge Etchebehere<\/strong> (Rizobacter)<\/li>\n<\/ul>\n<hr \/>\n<p>17 40 &#8211; 18 10 Break<\/p>\n<hr \/>\n<p>18 10 &#8211; 19 10<\/p>\n<h2><strong><span style=\"color: #db3143;\">Tecnolog\u00edas Siglo XXI<\/span><\/strong><\/h2>\n<h3><span style=\"color: #ffcc00;\">Coordinador: Ignacio Plaza<\/span><\/h3>\n<ul>\n<li>18 10 &#8211; 18 30 <strong>Santiago Gonzalez Venzano:\u00a0<\/strong>Informaci\u00f3n Aplicada para la Gesti\u00f3n de Riesgos Agr\u00edcolas. Soluciones para Asegurar la Producci\u00f3n Mundial de Alimentos<\/li>\n<li>18 30 &#8211; 18 50 <strong>Claudio Dunan<\/strong> (Bioceres)<\/li>\n<li>18 50 &#8211; 19 10 <strong>Javier Pedre\u00f1o:\u00a0<\/strong>Un Nuevo Enfoque en el Aprovechamiento de los Recursos Naturales: Exploraci\u00f3n de la Biodiversidad para el Descubrimiento de Nuevos Medicamentos Mediante Tecnolog\u00edas de High-Throughput Screening<\/li>\n<\/ul>\n<hr \/>\n<h2><span style=\"color: #db3143;\"><strong>Cierre Autoridades<\/strong><\/span><\/h2>\n<p><strong>Leonardo Sarquis<\/strong>\u00a0(Ministro Agroindustria Pcia Buenos Aires)<\/p>\n<p>&nbsp;<\/p>\n<p>&nbsp;<\/p>\n","protected":false},"excerpt":{"rendered":"<p>12 de abril 08 00 &#8211; 09 30 Inscripci\u00f3n e Inauguraci\u00f3n Oficial con Autoridades Nacionales y Universitarias Rodolfo Golluscio (Decano FAUBA) Jorge Elustondo (Ministro de Producci\u00f3n, Ciencia y Tecnolog\u00eda de Pcia. de Buenos Aires) Alejandro Gennari (Director Ejecutivo Unidad para el Cambio Rural) 09 30 &#8211; 10 00 Argentina en 2030: Pensar en Escala Global [&hellip;]<\/p>\n","protected":false},"author":2,"featured_media":0,"parent":0,"menu_order":0,"comment_status":"closed","ping_status":"closed","template":"","meta":{"footnotes":""},"categories":[15],"tags":[],"_links":{"self":[{"href":"https:\/\/delsuralmundoen2030.agro.uba.ar\/index.php?rest_route=\/wp\/v2\/pages\/2941"}],"collection":[{"href":"https:\/\/delsuralmundoen2030.agro.uba.ar\/index.php?rest_route=\/wp\/v2\/pages"}],"about":[{"href":"https:\/\/delsuralmundoen2030.agro.uba.ar\/index.php?rest_route=\/wp\/v2\/types\/page"}],"author":[{"embeddable":true,"href":"https:\/\/delsuralmundoen2030.agro.uba.ar\/index.php?rest_route=\/wp\/v2\/users\/2"}],"replies":[{"embeddable":true,"href":"https:\/\/delsuralmundoen2030.agro.uba.ar\/index.php?rest_route=%2Fwp%2Fv2%2Fcomments&post=2941"}],"version-history":[{"count":21,"href":"https:\/\/delsuralmundoen2030.agro.uba.ar\/index.php?rest_route=\/wp\/v2\/pages\/2941\/revisions"}],"predecessor-version":[{"id":2943,"href":"https:\/\/delsuralmundoen2030.agro.uba.ar\/index.php?rest_route=\/wp\/v2\/pages\/2941\/revisions\/2943"}],"wp:attachment":[{"href":"https:\/\/delsuralmundoen2030.agro.uba.ar\/index.php?rest_route=%2Fwp%2Fv2%2Fmedia&parent=2941"}],"wp:term":[{"taxonomy":"category","embeddable":true,"href":"https:\/\/delsuralmundoen2030.agro.uba.ar\/index.php?rest_route=%2Fwp%2Fv2%2Fcategories&post=2941"},{"taxonomy":"post_tag","embeddable":true,"href":"https:\/\/delsuralmundoen2030.agro.uba.ar\/index.php?rest_route=%2Fwp%2Fv2%2Ftags&post=2941"}],"curies":[{"name":"wp","href":"https:\/\/api.w.org\/{rel}","templated":true}]}}